alse
Is 6 - (699350/(-10))/(6/30) a prime number?
False
Suppose -44*g - 1448941 = -54981497. Is g composite?
True
Let n = 28926 - -19385. Is n composite?
False
Let b = 9584883 + -4655624. Is b composite?
False
Let c(i) = 56*i - 137. Let t be c(-9). Let w = 1152 + t. Is w prime?
False
Let g(t) = -3904*t + 10. Let j be g(2). Let c = -4877 - j. Is c a prime number?
False
Let f(j) = 3*j**3 - 26*j**2 - 8*j - 9. Let r be 18*((0 - 0) + (-4)/(-8)). Let h be f(r). Suppose 3*p + 3*w - 2520 = h, -5*p = -0*p + 2*w - 4203. Is p prime?
False
Suppose 4*h = -b + 52, -b + 12 = 2*h + 3*b. Suppose -5*j + 15 = 0, 2 = 2*u + 4*j - h. Is ((-35658)/4)/(-9) + u/4 a composite number?
False
Let o(n) be the second derivative of n**3/2 - 8*n**2 - 8*n. Let s be o(8). Suppose -s*d + 11384 = -0*d. Is d composite?
False
Suppose -4*r - 54 = 174. Let l = r + 43. Let y = 1387 + l. Is y composite?
False
Let n(l) = 72*l - 5. Let o be n(20). Is (-41)/(o/(-47700)) + 1/7 prime?
False
Let d = -963 + 885. Let v = 4753 - d. Is v a prime number?
True
Suppose -140*n - 1244019 = -10241959. Is n a prime number?
True
Let q(r) = r**3 + 5*r**2 + r + 1092137. Is q(0) a prime number?
True
Let z(d) = -32358*d + 1265. Is z(-7) prime?
False
Let x(i) = i**2 - 6*i - 5. Let f be x(-1). Is f/(-8) - (-46986)/8 a prime number?
False
Suppose -44*p = -46*p + 2. Let t(m) = -m - 1. Let r(f) = 4*f**2 + 3*f - 40. Let b(x) = p*r(x) - 5*t(x). Is b(10) composite?
True
Let a(m) = 251*m - 2318. Is a(17) composite?
False
Let f be (-1 + (-78)/9)/((-5)/3435). Suppose 4*u = g + 8800, 3*u - 4*g + 54 = f. Let a = -1006 + u. Is a a composite number?
True
Is 32/(2432/57) + (-22073)/(-4) composite?
False
Let b = 9568 + -9190. Let y = 41 - 22. Let z = b + y. Is z prime?
True
Suppose -37565113 - 30794891 = -43*v - 14360819. Is v composite?
True
Let q(s) = 5*s + 9. Let c be q(-1). Suppose b - 5*h - 2761 + 650 = 0, -b + c*h + 2109 = 0. Is b a composite number?
True
Is (14457192/(-45))/(-8) - 20/(-150) a composite number?
True
Let w be (0 - 0) + 8 + 25/(-5). Suppose 5*h - 7*x = -5*x + 18211, 3*h - 10932 = w*x. Is h a prime number?
False
Let q = 343 - 62. Suppose -7*m + 3*y = -6*m - 190, -4*m - 2*y + 732 = 0. Let b = q - m. Is b prime?
True
Let o be 104630 - (10/(-25))/(2/10). Suppose -26*c = -9534 - o. Is c prime?
True
Let b = 27801 + -2432. Is b prime?
False
Suppose -106*h = -308 + 96. Let j be (2/2)/(3/(-492)). Is (-2)/((-8)/(-14)*h/j) prime?
False
Let i be (272/(-102))/(-2*2/6). Suppose 0 = -i*a + 12*a - 37528. Is a a prime number?
True
Is -11*208130/(-286) + (3 - -1) composite?
False
Let p = -42 - -46. Suppose 0 = -s - p, 4*o - 8*o = -5*s + 64. Is ((-7)/o)/(2/12294) composite?
True
Let s = -257636 - -373969. Suppose 0 = -334*z + 341*z - s. Is z prime?
True
Let p(f) = -f**3 - 3*f**2 + 3*f + 15. Let c be p(-3). Is 47397/c + 11/((-176)/40) composite?
True
Is 2150/(-2365) + (-1815657)/(-33) composite?
True
Let m(l) = 5235*l. Let b be m(1). Suppose 22798 - b = 13*y. Is y composite?
True
Let u(v) = -11*v**3 - 4*v**2 + 5. Let r(x) = 23*x**3 + 9*x**2 - 11. Let c(b) = -4*r(b) - 9*u(b). Let d be c(1). Is (3/d)/(2/6740*5) prime?
True
Suppose 5*b - 8*b = -6. Suppose b*i = -5*h + 10, 2 = -5*i - 2*h + 3*h. Suppose 3*g - 4327 + 649 = i. Is g a composite number?
True
Let c(z) = 2*z**2 - 50*z + 166. Let p(y) = -17*y + 55. Let b(u) = 2*c(u) - 7*p(u). Is b(-16) composite?
True
Suppose -3*d = 4*c - 3657, 545 = -c - 4*d + 1469. Suppose -918*m + c*m + 495174 = 0. Is m a prime number?
True
Let n = 149 + -142. Suppose -n*m = -39*m + 1456480. Is m a prime number?
False
Suppose 4*d = 1539 + 2857. Suppose 0 = -2*f + 2*t - 1570, 2*t = f + 2*f + 2352. Let a = f + d. Is a a composite number?
False
Let p = 3987 - -27314. Is p prime?
False
Suppose 2 + 194 = 7*y. Suppose -17*d = -15*d - y. Suppose -d*w = -11*w - 4911. Is w prime?
True
Suppose 15 + 21 = -6*a. Is 87*17 + 4 + a + 0 prime?
False
Is ((-2 - -9)/(-28))/(1/(-694436)) a composite number?
True
Let b(d) = d**3 + 102*d**2 + 142*d - 373. Is b(-90) prime?
True
Suppose -5*t - 4*f = 4924, -3*t + 5*f - 550 = 2397. Let c = t - -1619. Is c a prime number?
False
Let h(t) = 184*t - 123. Let k(f) = -185*f + 123. Let y(u) = 7*h(u) + 6*k(u). Is y(28) a prime number?
True
Suppose -67*p + 65*p + 134254 = -4*f, 0 = -5*p + 3*f + 335600. Is p a prime number?
False
Suppose 2*n + 31 = -169. Let h = n + 104. Suppose h*t - 11988 = 2*r, -2*r + 16 = 2*r. Is t prime?
True
Is 9/(135/(-105)) + 22924/(1 - 0) prime?
False
Let u(r) = -3*r - 1. Let x be u(-2). Let v be 20 + -6 + -16 + -4. Is (54 + -1)*x/((-10)/v) a prime number?
False
Let v = -524 - -524. Suppose 5*r - 8349 = 3*k, v = r - 3*k - 403 - 1262. Is r a prime number?
False
Let c = 403854 + -281020. Is c a prime number?
False
Suppose 0 = 3*l + 7*l - 550. Let f = l + -55. Suppose -5*j - 124 + 679 = f. Is j composite?
True
Suppose 0 = 2*c + 2*c - v - 1016482, 3*c + 4*v - 762333 = 0. Is c a composite number?
False
Let a = 55 + -44. Let h be (a - 13)*(0 - 18/(-4)). Let f(z) = 2*z**2 - 8*z - 11. Is f(h) a prime number?
True
Suppose -25*i + 224 = 3*i. Suppose i*d + 8884 = 3*w + 10*d, 2960 = w + 2*d. Is w prime?
False
Let y(a) = 170*a**2 + 28*a - 75. Let i be y(11). Suppose 26862 = 5*x - i. Is x a prime number?
True
Suppose -8*k = -19*k + 22. Suppose u + 2*u = -3*w + 9, k*u = w + 9. Suppose 9*i - u*i - 3725 = 0. Is i prime?
False
Let m = 309120 - 66025. Is m a prime number?
False
Let p(o) = 1800*o + 1111. Is p(3) a prime number?
False
Let c(b) = 14*b - 53. Let k be c(4). Suppose -k*o - 3*a + 15120 = 0, -4*o + 8*a + 20190 = 6*a. Is o a prime number?
False
Let g(l) = 1324*l**3 + l**2 - 80*l + 397. Is g(6) a prime number?
True
Let w(p) = 53179*p**2 + 18*p + 81. Is w(-2) a prime number?
False
Suppose -n = 0, 2*p + n = -p - 207. Let s = p + 71. Suppose 2*z = s*l - z - 434, 2*l + 2*z - 414 = 0. Is l prime?
True
Let r be ((-13)/(-2))/((-2)/(-236)). Suppose 3*w + 0*w = -2*b + r, -3*w = 3*b - 762. Is w a prime number?
False
Suppose -q + 84 = 13*q. Suppose -q*f = -8*f + 4078. Is f a prime number?
True
Suppose 0 = 18*v - 147697 - 1539173. Is v a prime number?
False
Is (-103492 - 42)*(-4)/8 a prime number?
True
Let n = 9743 - 3143. Is n + (-6 - 3/(-3)) composite?
True
Let x = 59 + -59. Suppose 4*y - 1793 + 5669 = x. Let r = 113 - y. Is r a prime number?
False
Let f = -11436 + 29851. Suppose 38*g = 33*g + f. Is g prime?
False
Suppose -4*d = 104*r - 106*r - 4668, -2*d + 3*r = -2334. Is d a composite number?
True
Suppose 3*r = 4*y + 10372, 18*r = 19*r + 2*y - 3464. Suppose -5*u + 6*x + 8655 = x, 2*u - r = 3*x. Is u a prime number?
True
Suppose -2*h + 8*h = 7032. Let f = 4330 - h. Suppose f = 5*k + 3*r, 4*r = -4*k + 6*r + 2522. Is k a prime number?
True
Suppose 46*p = 4*x + 45*p - 1746936, 2*p = 6*x - 2620406. Is x composite?
True
Let n be (112928/24)/(4/((-36)/(-3))). Suppose 12*u - 103808 = n. Is u a composite number?
True
Is 4406286/(-4)*1020/(-1530) a prime number?
True
Let y(d) = -1756*d**3 - d**2 - 5*d + 5. Let i be y(1). Let u be (2/(-4))/((-1)/(-9240)). Let x = i - u. Is x prime?
False
Suppose 17*o - 74502 = 136825. Suppose 0 = -8*i - o + 43911. Is i a prime number?
False
Let w = -3765 - -1796. Let p = w + 3606. Is p a composite number?
False
Is 8/(-60) + ((-111708)/54)/(20/(-598)) composite?
True
Suppose 5*x - 3*x - 4 = 0. Suppose d + z = 2*d - 3152, 0 = x*d - 4*z - 6314. Is d a prime number?
False
Is (327059/3)/(3/((-6 - -15) + 0)) composite?
False
Suppose 187 = 2*p + 179. Is (636 - -5)*1/(-3 + p) composite?
False
Suppose 0*n + 10 = -5*r - 2*n, -3*r = -5*n - 25. Suppose -2*d + d + 33 = r. Suppose -s - 3*i = -6*s + 55, 3*s + 4*i - d = 0. Is s composite?
False
Let d(i) = i**2 + 29*i + 32*i - 98*i + 4 + 32*i. Let t be d(5). Suppose -t*k + 6*s = s - 832, 5*s - 792 = -4*k. Is k composite?
True
Let q be (-28)/(-238) + ((-41076)/(-34))/(-1). Let b = q - -3411. Is b composite?
False
Suppose p = 2 + 1. Let b(c) = -31*c**p + 0 + 4 - 3*c + 16*c**3 - 6*c**2 + 2*c**2. Is b(-3) prime?
False
Let q = -46624 - -120975. Is q a composite number?
True
Suppose 2584 - 472 = 22*y. Is (4908/16)/(18/y) + 3 a prime number?
False
Suppose 4*f - 2*t - 24 = -0*f, 4*t = 0. Suppose f*w - 17677 - 4469 = 0. Is w composite?
False
Suppose -7*x = -2*t - 11*x, t - x - 6 = 0. Suppose 6173 = t*f + r, 4*f - 4667 = r + 15